hat is the remainder when 1363548 is divided by 162?
156
What is the remainder when 3690539 is divided by 26?
21
What is the remainder when 4269877 is divided by 1233?
1231
What is the remainder when 22502 is divided by 7026?
1424
What is the remainder when 45912855 is divided by 1912?
1911
What is the remainder when 1148649 is divided by 1438?
1125
Calculate the remainder when 9749641 is divided by 7689.
7678
What is the remainder when 92134 is divided by 11272?
1958
Calculate the remainder when 26694606 is divided by 4449087.
84
What is the remainder when 12841995 is divided by 339?
336
What is the remainder when 196213 is divided by 8175?
13
What is the remainder when 3708956 is divided by 3?
2
What is the remainder when 36402 is divided by 612?
294
What is the remainder when 795360 is divided by 103?
97
What is the remainder when 127856 is divided by 63733?
390
What is the remainder when 63086 is divided by 1016?
94
Calculate the remainder when 15986877 is divided by 336.
333
What is the remainder when 89577 is divided by 8141?
26
What is the remainder when 428824 is divided by 218?
18
What is the remainder when 89520 is divided by 9841?
951
What is the remainder when 2138342 is divided by 8320?
102
What is the remainder when 29249233 is divided by 390?
13
Calculate the remainder when 1918047 is divided by 51839.
4
What is the remainder when 287053 is divided by 31844?
457
What is the remainder when 256 is divided by 228?
28
Calculate the remainder when 5960 is divided by 2678.
604
Calculate the remainder when 23244237 is divided by 158124.
9
Calculate the remainder when 34181563 is divided by 34181503.
60
Calculate the remainder when 15346 is divided by 89.
38
What is the remainder when 416060 is divided by 207651?
758
Calculate the remainder when 2162704 is divided by 720576.
976
What is the remainder when 40537 is divided by 40537?
0
Calculate the remainder when 2644721 is divided by 1446.
1433
What is the remainder when 85814 is divided by 2148?
2042
What is the remainder when 156291712 is divided by 2903?
2901
Calculate the remainder when 2703517 is divided by 819.
817
What is the remainder when 1399241 is divided by 667?
542
Calculate the remainder when 938516 is divided by 1433.
1334
Calculate the remainder when 19647827 is divided by 361.
41
What is the remainder when 15382974 is divided by 236?
22
What is the remainder when 1507891599 is divided by 1880?
1879
What is the remainder when 9170366 is divided by 50111?
53
What is the remainder when 172883 is divided by 1029?
11
What is the remainder when 27240487 is divided by 2127?
2125
What is the remainder when 174863 is divided by 312?
143
What is the remainder when 124881 is divided by 20813?
3
Calculate the remainder when 791240 is divided by 19781.
0
What is the remainder when 1669107 is divided by 726?
33
Calculate the remainder when 481395 is divided by 124.
27
What is the remainder when 107504940 is divided by 244?
4
Calculate the remainder when 999342 is divided by 90848.
14
What is the remainder when 5717349 is divided by 7832?
7821
Calculate the remainder when 5211291 is divided by 725.
716
Calculate the remainder when 644556 is divided by 349.
302
Calculate the remainder when 27790 is divided by 834.
268
Calculate the remainder when 5747252 is divided by 242.
236
What is the remainder when 43723718 is divided by 20?
18
What is the remainder when 292291031 is divided by 20?
11
Calculate the remainder when 186947 is divided by 62307.
26
Calculate the remainder when 28843170 is divided by 1304.
1298
What is the remainder when 4375568 is divided by 743?
41
What is the remainder when 19569848 is divided by 2174426?
14
Calculate the remainder when 21443081 is divided by 21.
2
Calculate the remainder when 4096109 is divided by 377.
4
Calculate the remainder when 3503135 is divided by 21231.
20
What is the remainder when 1979455 is divided by 141384?
79
What is the remainder when 67125639 is divided by 299668?
7
Calculate the remainder when 282346 is divided by 93996.
358
Calculate the remainder when 325426 is divided by 162703.
20
Calculate the remainder when 516263361 is divided by 3269.
3267
What is the remainder when 7232605 is divided by 73802?
9
What is the remainder when 261097 is divided by 130452?
193
Calculate the remainder when 2124705 is divided by 534.
453
What is the remainder when 65366900 is divided by 2842039?
3
Calculate the remainder when 28782 is divided by 1705.
1502
Calculate the remainder when 1889488 is divided by 1088.
720
What is the remainder when 44997117 is divided by 248?
245
Calculate the remainder when 44347 is divided by 3197.
2786
What is the remainder when 936638 is divided by 117056?
190
Calculate the remainder when 2932441 is divided by 1315.
1306
Calculate the remainder when 729992 is divided by 487.
466
What is the remainder when 12200 is divided by 3888?
536
What is the remainder when 82341 is divided by 73048?
9293
What is the remainder when 5472555 is divided by 542?
523
Calculate the remainder when 575908 is divided by 276.
172
What is the remainder when 32513639 is divided by 232?
231
What is the remainder when 571835550 is divided by 142958884?
14
What is the remainder when 3826 is divided by 120?
106
What is the remainder when 38051 is divided by 721?
559
Calculate the remainder when 109756 is divided by 5769.
145
Calculate the remainder when 137639 is divided by 137623.
16
Calculate the remainder when 2154378 is divided by 77.
72
Calculate the remainder when 6895 is divided by 3927.
2968
What is the remainder when 298577 is divided by 739?
21
What is the remainder when 302377184 is divided by 3461?
3458
What is the remainder when 2998309 is divided by 1499082?
145
What is the remainder when 378246 is divided by 42017?
93
Calculate the remainder when 2468010 is divided by 22642.
32
What is the remainder when 7964320 is divided by 86568?
64
What is the remainder when 1239309 is divided by 41310?
9
Calculate the remainder when 20630903 is divided by 154.
139
What is the remainder when 55516295 is divided by 25?
20
Calculate the remainder when 510735 is divided by 2517.
2301
What is the remainder when 447699999 is divided by 12500?
12499
What is the remainder when 3149076 is divided by 11664?
11460
What is the remainder when 547592 is divided by 1055?
47
What is the remainder when 19107482 is divided by 4945?
2
What is the remainder when 297290 is divided by 73697?
2502
What is the remainder when 489866466 is divided by 28?
26
Calculate the remainder when 83022 is divided by 5204.
4962
What is the remainder when 3863 is divided by 35?
13
What is the remainder when 57187 is divided by 1971?
28
Calculate the remainder when 409905 is divided by 87.
48
Calculate the remainder when 27860436 is divided by 734.
732
Calculate the remainder when 1449927 is divided by 85289.
14
Calculate the remainder when 209900 is divided by 3498.
20
Calculate the remainder when 3844176 is divided by 111.
24
Calculate the remainder when 10166681 is divided by 1262.
9
What is the remainder when 852592 is divided by 177?
160
Calculate the remainder when 666641248 is divided by 8250.
8248
What is the remainder when 6955245 is divided by 869398?
61
What is the remainder when 237906 is divided by 21622?
64
Calculate the remainder when 121111 is divided by 39998.
1117
Calculate the remainder when 8989980 is divided by 7831.
7823
What is the remainder when 212372351 is divided by 576?
575
What is the remainder when 3278125 is divided by 5036?
4725
Calculate the remainder when 189384 is divided by 576.
456
Calculate the remainder when 1653935 is divided by 1065.
1055
Calculate the remainder when 9358409 is divided by 3576.
17
What is the remainder when 1900296 is divided by 3340?
3176
Calculate the remainder when 153337 is divided by 765.
337
What is the remainder when 229635 is divided by 329?
322
What is the remainder when 11539982 is divided by 1118?
1104
What is the remainder when 52256245 is divided by 1250?
1245
What is the remainder when 87338 is divided by 339?
215
Calculate the remainder when 990 is divided by 162.
18
What is the remainder when 254457 is divided by 201?
192
What is the remainder when 507037 is divided by 63360?
157
Calculate the remainder 